 is -10 + -5722?
-5732
In base 9, what is -12828 + -5?
-12834
In base 12, what is -4 - -29a?
296
In base 7, what is -265 + -41?
-336
In base 9, what is 735 - -4?
740
In base 15, what is 4 - -acc?
ad1
In base 9, what is 33 + 20?
53
In base 7, what is -3 - -2300?
2264
In base 12, what is 22b - -5?
234
In base 15, what is -473 - 1b?
-48e
In base 16, what is 0 - 2c0?
-2c0
In base 14, what is -52 - 1?
-53
In base 9, what is 5 - -241?
246
In base 9, what is -273 + -2?
-275
In base 2, what is 10100 - 110101100?
-110011000
In base 3, what is -10 - -11?
1
In base 2, what is 11110 + -1001?
10101
In base 16, what is 0 + 3e?
3e
In base 11, what is 5 + -17a?
-175
In base 15, what is 5 - ae3?
-add
In base 9, what is -13 - 8?
-22
In base 15, what is -1 + -341?
-342
In base 16, what is 9f + -2?
9d
In base 16, what is -1 - -1?
0
In base 8, what is 3 + 1407?
1412
In base 7, what is -545 - 20?
-565
In base 8, what is 27 + 11?
40
In base 5, what is 140 + 1?
141
In base 12, what is 19 + 2?
1b
In base 7, what is -2 - -462?
460
In base 2, what is -101001 + -1100?
-110101
In base 11, what is 25 + 68?
92
In base 15, what is -1 - -384?
383
In base 5, what is -12 + 111?
44
In base 10, what is 3 - -63?
66
In base 8, what is -610 - -13?
-575
In base 14, what is -1a - -13?
-7
In base 11, what is -412 - -2?
-410
In base 16, what is -6 + 9?
3
In base 9, what is 3 - 55?
-52
In base 14, what is 265 + 0?
265
In base 4, what is 20 - 100?
-20
In base 10, what is -8 - 416?
-424
In base 12, what is 138 - 5a?
9a
In base 2, what is -11 + 110011?
110000
In base 14, what is -4 - -45d?
459
In base 14, what is c + 6?
14
In base 8, what is 6 - -16?
24
In base 4, what is -12032 + -10?
-12102
In base 15, what is -5 + -154?
-159
In base 3, what is 10000 - -10020?
20020
In base 7, what is -4 + -4?
-11
In base 11, what is -4 - 431?
-435
In base 9, what is -2 + 4661?
4658
In base 15, what is 3c1b + 5?
3c21
In base 6, what is 10244 - 5?
10235
In base 4, what is -220011 - 1?
-220012
In base 16, what is d - 7?
6
In base 5, what is 10331 + 3?
10334
In base 3, what is -10 + 1121200?
1121120
In base 2, what is 110 + 11?
1001
In base 4, what is 31 - 13021?
-12330
In base 13, what is 422 - -2?
424
In base 4, what is -2 - -1101?
1033
In base 10, what is 60 + 19?
79
In base 15, what is 3 - 2c?
-29
In base 2, what is -1001001 + 101?
-1000100
In base 7, what is 10 - 43?
-33
In base 2, what is 10100 + 100001?
110101
In base 6, what is 4 + -40?
-32
In base 3, what is 122 + 210?
1102
In base 8, what is 1323 - 0?
1323
In base 5, what is -32 - -2?
-30
In base 15, what is -4 + 98b?
987
In base 15, what is 0 - 49?
-49
In base 7, what is -23 + 323?
300
In base 4, what is 101 - -31?
132
In base 15, what is -1c52 - -5?
-1c4c
In base 6, what is -454 - -254?
-200
In base 2, what is 1100 + 101000?
110100
In base 7, what is -103622 + 4?
-103615
In base 11, what is 10654 + -1?
10653
In base 5, what is 1011 - 0?
1011
In base 12, what is 405 + 5?
40a
In base 16, what is a - 4a3?
-499
In base 2, what is 1011010 + -11000?
1000010
In base 9, what is 58 - -3?
62
In base 9, what is -2 + 1221?
1218
In base 9, what is 210 + 5?
215
In base 16, what is -28 + -4?
-2c
In base 2, what is -11011 + -1?
-11100
In base 8, what is -4 + 1472?
1466
In base 5, what is -4204 - -1?
-4203
In base 3, what is 20 + 10002?
10022
In base 6, what is 3112 - -4?
3120
In base 16, what is 1 - -1d?
1e
In base 10, what is -5 + 11?
6
In base 12, what is -9 + -370?
-379
In base 13, what is 1 + -4475?
-4474
In base 14, what is 2a7 - 8?
29d
In base 13, what is 3 + -10?
-a
In base 13, what is -5a - 0?
-5a
In base 14, what is 9da + 7?
a03
In base 8, what is -3 + 60?
55
In base 5, what is 10 - 32241?
-32231
In base 10, what is -79 + -6?
-85
In base 4, what is -2001 + -2?
-2003
In base 3, what is 12111 + -11?
12100
In base 6, what is 10503 - 14?
10445
In base 16, what is -4 - e26?
-e2a
In base 14, what is -174 - -2?
-172
In base 3, what is 0 + -122?
-122
In base 4, what is -3 - 121202?
-121211
In base 12, what is -5 + 65?
60
In base 15, what is 8d6a + -2?
8d68
In base 4, what is -3 + -100?
-103
In base 10, what is 6 - -466?
472
In base 4, what is 23 - 230?
-201
In base 7, what is 1 + -166?
-165
In base 6, what is -53 - 102?
-155
In base 8, what is -1623 + -4?
-1627
In base 4, what is 1121 - 11?
1110
In base 8, what is 443 - 22?
421
In base 3, what is 11 - 102102?
-102021
In base 14, what is 1c3 + 2?
1c5
In base 2, what is -1011101010111 - -11?
-1011101010100
In base 2, what is 0 - -111000?
111000
In base 2, what is -11 - 11001010101?
-11001011000
In base 13, what is -353 - -8?
-348
In base 2, what is -11 + 1010101110?
1010101011
In base 2, what is -1110101 + 10100?
-1100001
In base 2, what is -100110000000 + 11?
-100101111101
In base 7, what is -6 - -460?
451
In base 5, what is -2 + -2200?
-2202
In base 15, what is -163 + -5?
-168
In base 12, what is -44 - 6a?
-b2
In base 4, what is -3 - -10131?
10122
In base 5, what is 10 + 31003?
31013
In base 9, what is -228 + -8?
-237
In base 11, what is 2 - 26?
-24
In base 3, what is -102111 + 1?
-102110
In base 11, what is -602 - -4?
-5a9
In base 6, what is -4250 + 1?
-4245
In base 13, what is 35 - 17?
1b
In base 10, what is -92 + -5?
-97
In base 2, what is 111100001 - -11?
111100100
In base 8, what is -1660 - -4?
-1654
In base 3, what is 10211 + 20?
11001
In base 7, what is -2 + 6365?
6363
In base 2, what is 1010100111 - -101?
1010101100
In base 13, what is 0 - 29?
-29
In base 3, what is 112212120 + -11?
112212102
In base 10, what is 3 + -1666?
-1663
In base 12, what is 195 - -4?
199
In base 13, what is -18c + -10?
-19c
In base 2, what is 10010 - 11?
1111
In base 14, what is 2 + 0?
2
In base 13, what is -5 - 629?
-631
In base 10, what is 347 - -5?
352
In base 15, what is 114 + -5?
10e
In base 10, what is -5203 + -4?
-5207
In base 6, what is -3 - 120?
-123
In base 12, what is 3 + -6a?
-67
In base 16, what is f - -1?
10
In base 14, what is 29 + -2?
27
In base 11, what is 7 + -18?
-11
In base 13, what is 1ca - 5?
1c5
In base 16, what is -26 + 11?
-15
In base 12, what is 1 + -138?
-137
In base 9, what is -63 - 117?
-181
In base 2, what is 101 - 11011001?
-11010100
In base 9, what is -83 + 40?
-43
In base 7, what is 3 - 213?
-210
In base 7, what is 1443 + 14?
1460
In base 6, what is 15 - 422?
-403
In base 15, what is -173 + 18?
-15a
In base 6, what is 2 + -1050?
-1044
In base 3, what is -20 - 11111?
-11201
In base 14, what is 22c + 4?
232
In base 13, what is -16 + 85?
6c
In base 15, what is -ac + -2?
-ae
In base 15, what is 2 - 13?
-11
In base 13, what is -4 - 444?
-448
In base 13, what is -32 + -2?
-34
In base 12, what is -207 - 5?
-210
In base 15, what is 22 - -5?
27
In base 5, what is -3 + -11033?
-11041
In base 10, what is 2 - -108?
110
In base 9, what is -43 + 40?
-3
In base 8, what is 127 + -151?
-22
In base 5, what is -14 + 2101?
2032
In base 5, what is 1 + -40440?
-40434
In base 12, what is 14 - -13?
27
In base 11, what is 0 + 47?
47
In base 13, what is 1 - a?
-9
In base 14, what is cc9 - 2?
cc7
In base 8, what is 3 + 162?
165
In base 2, what is -100010 - -10?
-100000
In base 6, what is -22425 - 3?
-22432
In base 6, what is 4 + 12353?
12401
In base 6, what is 123 - 1?
122
In base 13, what is 10c2 + -2?
10c0
In base 12, what is -3 + -870?
-873
In base 6, what is -22 - 1410?
-1432
In base 10, what is 659 - -5?
664
In base 11, what is -8309 - 0?
-8309
In base 15, what is -4d8 - 0?
-4d8
In base 14, what is -1 + -25?
-26
In base 6, what is 4 - 1531?
-1523
In base 4, what is 1 - 11130?
-11123
In base 9, what is -24518 - 4?
-24523
In base 8, what is 5 - -1033?
1040
In base 3, what is 20102102 - -1?
20102110
In base 16, what is 32b + 3?
32e
In base 5, what is 430 + 4?
434
In base 7, what is -11 - 63?
-104
In base 10, what is 12344 - 0?
12344
In base 10, what is -19 - 3?
-22
In base 13, what is 3 - 1?
2
In base 8, what is -27 - -11?
-16
In base 7, what is -1532 - 14?
-1546
In base 6, what is 4 + 1530?
1534
In base 12, what is 2 - -b2?
b4
In base 5, what is 31430 - -1?
31431
In base 13, what is -4 + 813?
80c
In base 4, what is 21012 + -1?
21011
In base 16, what is 155d - -2?
155f
In base 11, what is -15 + 7?
-9
In base 7, what is 301 + 10?
311
In base 2, what is 100001101010000 - -100?
100001101010100
In base 2, what is 1001 +